{"id":33,"date":"2021-12-17T08:57:26","date_gmt":"2021-12-17T08:57:26","guid":{"rendered":"https:\/\/tecdoma.fi\/?page_id=33"},"modified":"2025-01-09T20:37:10","modified_gmt":"2025-01-09T20:37:10","slug":"jalopuut","status":"publish","type":"page","link":"https:\/\/tecdoma.fi\/?page_id=33","title":{"rendered":"JALOPUUT"},"content":{"rendered":"<p><div class=\"fusion-fullwidth fullwidth-box fusion-builder-row-1 fusion-flex-container fusion-parallax-none hundred-percent-fullwidth non-hundred-percent-height-scrolling\" style=\"--awb-border-radius-top-left:0px;--awb-border-radius-top-right:0px;--awb-border-radius-bottom-right:0px;--awb-border-radius-bottom-left:0px;--awb-padding-top:0px;--awb-padding-right:0px;--awb-padding-bottom:600px;--awb-padding-left:0px;--awb-margin-bottom:0px;--awb-background-image:url(&quot;https:\/\/tecdoma.fi\/wp-content\/uploads\/2021\/12\/tree-569275-1-scaled.jpg&quot;);--awb-background-size:cover;--awb-flex-wrap:wrap;\" ><div class=\"fusion-builder-row fusion-row fusion-flex-align-items-flex-start fusion-flex-content-wrap\" style=\"width:104% !important;max-width:104% !important;margin-left: calc(-4% \/ 2 );margin-right: calc(-4% \/ 2 );\"><div class=\"fusion-layout-column fusion_builder_column fusion-builder-column-0 fusion_builder_column_1_1 1_1 fusion-flex-column\" style=\"--awb-bg-size:cover;--awb-width-large:100%;--awb-margin-top-large:0px;--awb-spacing-right-large:1.92%;--awb-margin-bottom-large:20px;--awb-spacing-left-large:1.92%;--awb-width-medium:100%;--awb-order-medium:0;--awb-spacing-right-medium:1.92%;--awb-spacing-left-medium:1.92%;--awb-width-small:100%;--awb-order-small:0;--awb-spacing-right-small:1.92%;--awb-spacing-left-small:1.92%;\"><div class=\"fusion-column-wrapper fusion-column-has-shadow fusion-flex-justify-content-flex-start fusion-content-layout-column\"><\/div><\/div><\/div><\/div><div class=\"fusion-fullwidth fullwidth-box fusion-builder-row-2 fusion-flex-container nonhundred-percent-fullwidth non-hundred-percent-height-scrolling fusion-animated\" style=\"--awb-border-radius-top-left:0px;--awb-border-radius-top-right:0px;--awb-border-radius-bottom-right:0px;--awb-border-radius-bottom-left:0px;--awb-padding-top:39px;--awb-padding-bottom:26px;--awb-flex-wrap:wrap;\" data-animationType=\"slideInUp\" data-animationDuration=\"1.0\" data-animationOffset=\"top-into-view\" ><div class=\"fusion-builder-row fusion-row fusion-flex-align-items-flex-start fusion-flex-content-wrap\" style=\"max-width:1248px;margin-left: calc(-4% \/ 2 );margin-right: calc(-4% \/ 2 );\"><div class=\"fusion-layout-column fusion_builder_column fusion-builder-column-1 fusion_builder_column_1_1 1_1 fusion-flex-column\" style=\"--awb-bg-size:cover;--awb-width-large:100%;--awb-margin-top-large:0px;--awb-spacing-right-large:1.92%;--awb-margin-bottom-large:20px;--awb-spacing-left-large:1.92%;--awb-width-medium:100%;--awb-order-medium:0;--awb-spacing-right-medium:1.92%;--awb-spacing-left-medium:1.92%;--awb-width-small:100%;--awb-order-small:0;--awb-spacing-right-small:1.92%;--awb-spacing-left-small:1.92%;\"><div class=\"fusion-column-wrapper fusion-column-has-shadow fusion-flex-justify-content-flex-start fusion-content-layout-column\"><div class=\"fusion-text fusion-text-1\"><h3>Puulajien tuntemus on osa ammattitaitoamme<\/h3>\n<p>Eniten k\u00e4ytt\u00e4m\u00e4mme puulajit ovat m\u00e4nty, kuusi ja lehtikuusi. N\u00e4iden lis\u00e4ksi ty\u00f6st\u00e4mme yleisimpi\u00e4 jalopuita, kuten tammi, saarni ja mahonki. Saatavilla on my\u00f6s tuijaa, py\u00f6kki\u00e4, p\u00e4hkin\u00e4\u00e4, tiikki\u00e4 ja l\u00e4mp\u00f6k\u00e4sitelty\u00e4 puuta eri puulajeissa. Yll\u00e4pid\u00e4mme pient\u00e4 raaka-ainevarastoa ja puutavaraa on saatavilla eri laatuluokissa ja monessa eri koossa. Suuria kappaleita (esim. p\u00f6yd\u00e4n kannet) ja erikoislistoja varten teemme tarvittaessa my\u00f6s liima-aihioita. H\u00f6yl\u00e4yksiin valmistamme ter\u00e4t itse, joten erilaiset muodot ja erikoistilaukset onnistuvat joustavasti. Yleisimpi\u00e4 jalopuutuotteitamme ovat verhouspaneelit, listat, py\u00f6r\u00f6tangot, k\u00e4sijohteet, ikkunoiden kehykset ja mittatilauskalusteet. Eri puulajien k\u00e4ytt\u00f6\u00f6n liittyv\u00e4 asiantuntijuus on t\u00e4rke\u00e4 osa Tecdoman palvelua.<\/p>\n<\/div><\/div><\/div><\/div><\/div><div class=\"fusion-fullwidth fullwidth-box fusion-builder-row-3 fusion-flex-container nonhundred-percent-fullwidth non-hundred-percent-height-scrolling fusion-animated\" style=\"--awb-border-radius-top-left:0px;--awb-border-radius-top-right:0px;--awb-border-radius-bottom-right:0px;--awb-border-radius-bottom-left:0px;--awb-padding-top:20px;--awb-padding-bottom:51px;--awb-flex-wrap:wrap;\" data-animationType=\"slideInUp\" data-animationDuration=\"1.0\" data-animationOffset=\"top-into-view\" ><div class=\"fusion-builder-row fusion-row fusion-flex-align-items-flex-start fusion-flex-content-wrap\" style=\"max-width:1248px;margin-left: calc(-4% \/ 2 );margin-right: calc(-4% \/ 2 );\"><div class=\"fusion-layout-column fusion_builder_column fusion-builder-column-2 fusion_builder_column_1_5 1_5 fusion-flex-column\" style=\"--awb-bg-size:cover;--awb-width-large:20%;--awb-margin-top-large:0px;--awb-spacing-right-large:9.6%;--awb-margin-bottom-large:20px;--awb-spacing-left-large:9.6%;--awb-width-medium:20%;--awb-order-medium:0;--awb-spacing-right-medium:9.6%;--awb-spacing-left-medium:9.6%;--awb-width-small:100%;--awb-order-small:0;--awb-spacing-right-small:1.92%;--awb-spacing-left-small:1.92%;\"><div class=\"fusion-column-wrapper fusion-column-has-shadow fusion-flex-justify-content-flex-start fusion-content-layout-column\"><\/div><\/div><div class=\"fusion-layout-column fusion_builder_column fusion-builder-column-3 fusion_builder_column_1_5 1_5 fusion-flex-column\" style=\"--awb-bg-size:cover;--awb-width-large:20%;--awb-margin-top-large:0px;--awb-spacing-right-large:9.6%;--awb-margin-bottom-large:20px;--awb-spacing-left-large:9.6%;--awb-width-medium:20%;--awb-order-medium:0;--awb-spacing-right-medium:9.6%;--awb-spacing-left-medium:9.6%;--awb-width-small:100%;--awb-order-small:0;--awb-spacing-right-small:1.92%;--awb-spacing-left-small:1.92%;\"><div class=\"fusion-column-wrapper fusion-column-has-shadow fusion-flex-justify-content-flex-start fusion-content-layout-column\"><div class=\"fusion-text fusion-text-2\"><p><a href=\"https:\/\/tecdoma.fi\/?attachment_id=92\" rel=\"attachment wp-att-92\"><img decoding=\"async\" class=\"alignnone size-thumbnail wp-image-92 aligncenter\" src=\"https:\/\/tecdoma.fi\/wp-content\/uploads\/2021\/12\/Tammi-150x150.jpg\" alt=\"\" width=\"150\" height=\"150\" srcset=\"https:\/\/tecdoma.fi\/wp-content\/uploads\/2021\/12\/Tammi-66x66.jpg 66w, https:\/\/tecdoma.fi\/wp-content\/uploads\/2021\/12\/Tammi-150x150.jpg 150w, https:\/\/tecdoma.fi\/wp-content\/uploads\/2021\/12\/Tammi-200x200.jpg 200w, https:\/\/tecdoma.fi\/wp-content\/uploads\/2021\/12\/Tammi-300x300.jpg 300w, https:\/\/tecdoma.fi\/wp-content\/uploads\/2021\/12\/Tammi.jpg 315w\" sizes=\"(max-width: 150px) 100vw, 150px\" \/><\/a><\/p>\n<p style=\"text-align: center;\">Tammi<\/p>\n<\/div><\/div><\/div><div class=\"fusion-layout-column fusion_builder_column fusion-builder-column-4 fusion_builder_column_1_5 1_5 fusion-flex-column\" style=\"--awb-bg-size:cover;--awb-width-large:20%;--awb-margin-top-large:0px;--awb-spacing-right-large:9.6%;--awb-margin-bottom-large:20px;--awb-spacing-left-large:9.6%;--awb-width-medium:20%;--awb-order-medium:0;--awb-spacing-right-medium:9.6%;--awb-spacing-left-medium:9.6%;--awb-width-small:100%;--awb-order-small:0;--awb-spacing-right-small:1.92%;--awb-spacing-left-small:1.92%;\"><div class=\"fusion-column-wrapper fusion-column-has-shadow fusion-flex-justify-content-flex-start fusion-content-layout-column\"><div class=\"fusion-text fusion-text-3\"><p><a href=\"https:\/\/tecdoma.fi\/?attachment_id=91\" rel=\"attachment wp-att-91\"><img decoding=\"async\" class=\"alignnone size-thumbnail wp-image-91 aligncenter\" src=\"https:\/\/tecdoma.fi\/wp-content\/uploads\/2021\/12\/Saarni-150x150.jpg\" alt=\"\" width=\"150\" height=\"150\" srcset=\"https:\/\/tecdoma.fi\/wp-content\/uploads\/2021\/12\/Saarni-66x66.jpg 66w, https:\/\/tecdoma.fi\/wp-content\/uploads\/2021\/12\/Saarni-150x150.jpg 150w, https:\/\/tecdoma.fi\/wp-content\/uploads\/2021\/12\/Saarni-200x200.jpg 200w, https:\/\/tecdoma.fi\/wp-content\/uploads\/2021\/12\/Saarni-300x300.jpg 300w, https:\/\/tecdoma.fi\/wp-content\/uploads\/2021\/12\/Saarni.jpg 315w\" sizes=\"(max-width: 150px) 100vw, 150px\" \/><\/a><\/p>\n<p style=\"text-align: center;\">Saarni<\/p>\n<\/div><\/div><\/div><div class=\"fusion-layout-column fusion_builder_column fusion-builder-column-5 fusion_builder_column_1_5 1_5 fusion-flex-column\" style=\"--awb-bg-size:cover;--awb-width-large:20%;--awb-margin-top-large:0px;--awb-spacing-right-large:9.6%;--awb-margin-bottom-large:20px;--awb-spacing-left-large:9.6%;--awb-width-medium:20%;--awb-order-medium:0;--awb-spacing-right-medium:9.6%;--awb-spacing-left-medium:9.6%;--awb-width-small:100%;--awb-order-small:0;--awb-spacing-right-small:1.92%;--awb-spacing-left-small:1.92%;\"><div class=\"fusion-column-wrapper fusion-column-has-shadow fusion-flex-justify-content-flex-start fusion-content-layout-column\"><div class=\"fusion-text fusion-text-4\"><p><a href=\"https:\/\/tecdoma.fi\/?attachment_id=90\" rel=\"attachment wp-att-90\"><img decoding=\"async\" class=\"alignnone size-thumbnail wp-image-90 aligncenter\" src=\"https:\/\/tecdoma.fi\/wp-content\/uploads\/2021\/12\/Mahonki-150x150.jpg\" alt=\"\" width=\"150\" height=\"150\" srcset=\"https:\/\/tecdoma.fi\/wp-content\/uploads\/2021\/12\/Mahonki-66x66.jpg 66w, https:\/\/tecdoma.fi\/wp-content\/uploads\/2021\/12\/Mahonki-150x150.jpg 150w, https:\/\/tecdoma.fi\/wp-content\/uploads\/2021\/12\/Mahonki.jpg 189w\" sizes=\"(max-width: 150px) 100vw, 150px\" \/><\/a><\/p>\n<p style=\"text-align: center;\">Mahonki<\/p>\n<\/div><\/div><\/div><div class=\"fusion-layout-column fusion_builder_column fusion-builder-column-6 fusion_builder_column_1_5 1_5 fusion-flex-column\" style=\"--awb-bg-size:cover;--awb-width-large:20%;--awb-margin-top-large:0px;--awb-spacing-right-large:9.6%;--awb-margin-bottom-large:20px;--awb-spacing-left-large:9.6%;--awb-width-medium:20%;--awb-order-medium:0;--awb-spacing-right-medium:9.6%;--awb-spacing-left-medium:9.6%;--awb-width-small:100%;--awb-order-small:0;--awb-spacing-right-small:1.92%;--awb-spacing-left-small:1.92%;\"><div class=\"fusion-column-wrapper fusion-column-has-shadow fusion-flex-justify-content-flex-start fusion-content-layout-column\"><\/div><\/div><\/div><\/div><\/p>\n","protected":false},"excerpt":{"rendered":"","protected":false},"author":1,"featured_media":0,"parent":0,"menu_order":0,"comment_status":"closed","ping_status":"closed","template":"100-width.php","meta":{"footnotes":""},"class_list":["post-33","page","type-page","status-publish","hentry"],"_links":{"self":[{"href":"https:\/\/tecdoma.fi\/index.php?rest_route=\/wp\/v2\/pages\/33","targetHints":{"allow":["GET"]}}],"collection":[{"href":"https:\/\/tecdoma.fi\/index.php?rest_route=\/wp\/v2\/pages"}],"about":[{"href":"https:\/\/tecdoma.fi\/index.php?rest_route=\/wp\/v2\/types\/page"}],"author":[{"embeddable":true,"href":"https:\/\/tecdoma.fi\/index.php?rest_route=\/wp\/v2\/users\/1"}],"replies":[{"embeddable":true,"href":"https:\/\/tecdoma.fi\/index.php?rest_route=%2Fwp%2Fv2%2Fcomments&post=33"}],"version-history":[{"count":10,"href":"https:\/\/tecdoma.fi\/index.php?rest_route=\/wp\/v2\/pages\/33\/revisions"}],"predecessor-version":[{"id":4698,"href":"https:\/\/tecdoma.fi\/index.php?rest_route=\/wp\/v2\/pages\/33\/revisions\/4698"}],"wp:attachment":[{"href":"https:\/\/tecdoma.fi\/index.php?rest_route=%2Fwp%2Fv2%2Fmedia&parent=33"}],"curies":[{"name":"wp","href":"https:\/\/api.w.org\/{rel}","templated":true}]}}