{"id":124,"date":"2021-12-27T08:12:20","date_gmt":"2021-12-27T08:12:20","guid":{"rendered":"https:\/\/tecdoma.fi\/?page_id=124"},"modified":"2021-12-27T08:27:19","modified_gmt":"2021-12-27T08:27:19","slug":"tietosuojaseloste","status":"publish","type":"page","link":"https:\/\/tecdoma.fi\/?page_id=124","title":{"rendered":"Tietosuojaseloste"},"content":{"rendered":"<div class=\"fusion-fullwidth fullwidth-box fusion-builder-row-1 fusion-flex-container nonhundred-percent-fullwidth non-hundred-percent-height-scrolling\" style=\"--awb-border-radius-top-left:0px;--awb-border-radius-top-right:0px;--awb-border-radius-bottom-right:0px;--awb-border-radius-bottom-left:0px;--awb-flex-wrap:wrap;\" ><div class=\"fusion-builder-row fusion-row fusion-flex-align-items-flex-start fusion-flex-content-wrap\" style=\"max-width:1248px;margin-left: calc(-4% \/ 2 );margin-right: calc(-4% \/ 2 );\"><div class=\"fusion-layout-column fusion_builder_column fusion-builder-column-0 fusion_builder_column_1_1 1_1 fusion-flex-column\" style=\"--awb-padding-top:71px;--awb-padding-top-small:47px;--awb-bg-size:cover;--awb-width-large:100%;--awb-margin-top-large:0px;--awb-spacing-right-large:1.92%;--awb-margin-bottom-large:0px;--awb-spacing-left-large:1.92%;--awb-width-medium:100%;--awb-spacing-right-medium:1.92%;--awb-spacing-left-medium:1.92%;--awb-width-small:100%;--awb-margin-top-small:0px;--awb-spacing-right-small:1.92%;--awb-spacing-left-small:1.92%;\"><div class=\"fusion-column-wrapper fusion-flex-justify-content-flex-start fusion-content-layout-column\"><div class=\"fusion-text fusion-text-1\"><p>T\u00e4m\u00e4 tietosuojaseloste koskee Tecdoma Oy verkkopalvelua www.tecdoma.fi ja tiedon k\u00e4sittely\u00e4 verkkopalvelun osalta.<\/p>\n<p><strong>Tietosuojaseloste<\/strong><\/p>\n<p>Pyrimme ymm\u00e4rt\u00e4m\u00e4\u00e4n palveluidemme k\u00e4ytt\u00e4jien tarpeita ja sen vuoksi ker\u00e4\u00e4mme palveluidemme k\u00e4ytt\u00e4jiin liittyvi\u00e4 tietoja, kuten heid\u00e4n k\u00e4ytt\u00e4ytymisest\u00e4\u00e4n verkkopalvelussamme. Verkkopalvelu on kaikille avoin eik\u00e4 sivujen selaaminen edellyt\u00e4 rekister\u00f6inti\u00e4. Sivustossa voi my\u00f6s olla erikseen kirjautumista vaativa osio.<\/p>\n<p>T\u00e4ss\u00e4 tietosuojaselosteessa kerromme, mit\u00e4 henkil\u00f6tietoja voimme ker\u00e4t\u00e4 sinusta k\u00e4ytt\u00e4ess\u00e4si palveluitamme tai ottaessasi yhteytt\u00e4 meihin verkkopalvelumme kautta (j\u00e4ljemp\u00e4n\u00e4 \u201dPalvelu\u201d). Kerromme my\u00f6s mihin k\u00e4ytt\u00f6tarkoituksiin voimme kyseisi\u00e4 tietoja mahdollisesti k\u00e4ytt\u00e4\u00e4.<\/p>\n<p>K\u00e4ytt\u00e4m\u00e4ll\u00e4 Palveluamme, hyv\u00e4ksyt tietojesi k\u00e4sittelyn t\u00e4m\u00e4n tietosuojaselosteen mukaisesti. Voimme muuttaa t\u00e4t\u00e4 tietosuojaselostetta julkaisemalla siit\u00e4 uuden version verkossa. Verkkosivuston ja liit\u00e4nn\u00e4isten palvelujen jatkuva k\u00e4ytt\u00f6si uuden version julkaisun j\u00e4lkeen katsotaan muokattujen ehtojen hyv\u00e4ksynn\u00e4ksi.<\/p>\n<p><strong>Google reCAPTCHA-varmennus<\/strong><\/p>\n<p>Sivustomme on suojattu k\u00e4ytt\u00e4en Googlen reCAPTCHA-varmennusta.<\/p>\n<p>Googlen Tietosuojak\u00e4yt\u00e4nt\u00f6 &gt;&gt;<br \/>\nGooglen Palveluehdot &gt;&gt;<\/p>\n<p><strong>Tietojen ker\u00e4\u00e4minen<\/strong><\/p>\n<p>Rekisteriin ker\u00e4t\u00e4\u00e4n seuraavat tiedot:<br \/>\n\u2013 IP-osoite<br \/>\n\u2013 Ohjelmisto \u2013 ja laitteistotiedot<br \/>\n\u2013 Ev\u00e4steiden kautta ker\u00e4tt\u00e4v\u00e4t tiedot<br \/>\n\u2013 Muut asiakkaan suostumuksella ker\u00e4tt\u00e4v\u00e4t tiedot<\/p>\n<p><strong>Rekisterin k\u00e4ytt\u00f6tarkoitus<\/strong><\/p>\n<p>Rekisteri\u00e4 k\u00e4ytet\u00e4\u00e4n henkil\u00f6tietolakia noudattaen asiakassuhteen hoitamiseen ja kehitt\u00e4miseen sek\u00e4 Palvelun tuottamiseen, kehitt\u00e4miseen ja yll\u00e4pitoon. Saatamme k\u00e4ytt\u00e4\u00e4 rekisteri\u00e4 my\u00f6s eri palveluidemme tiedottamiseen ja laskutusasioihin. Henkil\u00f6tietojen ker\u00e4\u00e4misen kautta saatamme my\u00f6s l\u00e4hett\u00e4\u00e4 sinulle kohdennettuja markkinointi- tai asiakasviestej\u00e4. Mik\u00e4li et kuitenkaan halua saada viestej\u00e4, voit milloin tahansa ilmoittaa asiasta rekisterin yll\u00e4pit\u00e4j\u00e4lle.<\/p>\n<p><strong>Tietojen luovuttaminen<\/strong><\/p>\n<p>Tecdoma Oy ei myy, vaihda tai siirr\u00e4 tunnistamisen mahdollistavia tietojasi ulkopuolisille osapuolille. T\u00e4m\u00e4 ei sis\u00e4ll\u00e4 luotettuja kolmansia osapuolia, jotka auttavat meit\u00e4 sivustomme yll\u00e4pidossa tai liiketoimintamme suorittamisessa. My\u00f6s kolmansien osapuolten on pidett\u00e4v\u00e4 tiedot luottamuksellisina. Uskomme, ett\u00e4 tietojen jakaminen on tarpeen, kun tavoitteena on tutkia, est\u00e4\u00e4 tai muutoin k\u00e4sitell\u00e4 laitonta toimintaa, petosep\u00e4ilyj\u00e4 tai tilanteita jotka mahdollisesti uhkaavat jonkin henkil\u00f6n fyysist\u00e4 turvallisuutta, k\u00e4ytt\u00f6ehtojemme rikkomista sek\u00e4 muissa lain vaatimissa tilanteissa.<\/p>\n<p><strong>Luovutetaanko tietojani EU:n ulkopuolelle?<\/strong><\/p>\n<p>Henkil\u00f6tietojasi ei l\u00e4ht\u00f6kohtaisesti luovuteta EU:n ulkopuolelle. Mahdolliset luovutukset EU:n ulkopuolelle koskevat ainoastaan tilanteita, jossa k\u00e4ytt\u00e4miemme j\u00e4rjestelmien palvelimet sijaitsisivat EU:n ulkopuolella. Mik\u00e4li n\u00e4in tapahtuisi, huolehdimme siit\u00e4, ett\u00e4 tietojesi k\u00e4sittely, siirto ja tallennus toteutetaan lain edellytt\u00e4min perustein ja riitt\u00e4vin suojamekanismein.<\/p>\n<p><strong>Kauanko henkil\u00f6tietojani s\u00e4ilytet\u00e4\u00e4n?<\/strong><\/p>\n<p>Emme s\u00e4ilyt\u00e4 henkil\u00f6tietojasi pidemp\u00e4\u00e4n kuin on tarpeellista niiden k\u00e4ytt\u00f6tarkoitukselle tai kuin sopimus tai laki vaatii. Henkil\u00f6tietojen s\u00e4ilytysajat voivat kuitenkin vaihdella k\u00e4ytt\u00f6tarkoituksesta ja tilanteesta riippuen. Yleens\u00e4 sopimuksen p\u00e4\u00e4tytty\u00e4 poistamme henkil\u00f6tiedot j\u00e4rjestelmist\u00e4mme. Pyrimme aika ajoin my\u00f6s p\u00e4ivitt\u00e4m\u00e4\u00e4n tietojasi. Google Analytics -palvelun ker\u00e4\u00e4mi\u00e4 vekkosivustomme k\u00e4vij\u00e4tietoja s\u00e4ilytet\u00e4\u00e4n 14 kuukautta, jonka j\u00e4lkeen ne poistetaan automaattisesti Googlen palvelimilta.<\/p>\n<p><strong>Rekisterin suojaus<\/strong><\/p>\n<p>Rekisteri on suojattu ulkopuolisten k\u00e4yt\u00f6lt\u00e4 ja rekisterin k\u00e4ytt\u00f6 on suojattu henkil\u00f6kohtaisin k\u00e4ytt\u00e4j\u00e4tunnuksin ja salasanoin. K\u00e4ytt\u00e4ji\u00e4 sitoo salassapitovelvollisuus. Rekisteriin p\u00e4\u00e4sy on ainoastaan Tecdoma Oy:n j\u00e4senill\u00e4 ja Tecdoma Oy:n verkkopalvelun tuottajan Trival Oy:n ty\u00f6ntekij\u00f6ill\u00e4, joiden teht\u00e4v\u00e4t edellytt\u00e4v\u00e4t rekisteriss\u00e4 olevien tietojen k\u00e4sittely\u00e4. Ty\u00f6ntekij\u00f6it\u00e4 sitoo vaitiolovelvollisuus.<\/p>\n<p><strong>Ev\u00e4steet<\/strong><\/p>\n<p>Ev\u00e4steet (cookies) ovat pieni\u00e4 tunnisteita, jotka tallentuvat k\u00e4vij\u00e4n tietokoneelle \/ p\u00e4\u00e4telaitteelle kun k\u00e4vij\u00e4 vierailee verkkosivulla. Palvelumme hy\u00f6dynt\u00e4\u00e4 ev\u00e4steit\u00e4, jotta voimme tarjota palvelumme mahdollisimman k\u00e4ytt\u00e4j\u00e4yst\u00e4v\u00e4llisen\u00e4 ja laadukkaana.<\/p>\n<p>Palvelun k\u00e4yt\u00f6st\u00e4 voidaan ker\u00e4t\u00e4 tilastollista tietoa k\u00e4vij\u00e4m\u00e4\u00e4r\u00e4st\u00e4, suosituimmista sivuista, sis\u00e4\u00e4ntulosivuista, poistumissivuista tai muita vastaavia tietoja. Tilastollisen tiedon ker\u00e4\u00e4miseen Palvelussa voi olla k\u00e4yt\u00f6ss\u00e4 Google Analytics. Google saattaa luovuttaa tietoja kolmannella osapuolelle lain niin vaatiessa. Googlen tietosuojak\u00e4yt\u00e4nt\u00f6 on luettavissa osoitteessa http:\/\/www.google.fi\/policies\/privacy\/<\/p>\n<p>K\u00e4ytt\u00e4m\u00e4ll\u00e4 Palveluamme k\u00e4vij\u00e4 suostuu luovuttamaan yll\u00e4mainittujen ehtojen mukaiset tiedot Googlen k\u00e4ytt\u00f6\u00f6n. Mik\u00e4li et halua Palvelun saavan tietoja ev\u00e4steiden avulla, voit kielt\u00e4\u00e4 ev\u00e4steet verkkoselaimen asetuksista. Useimmat verkkoselaimista sallivat ev\u00e4steiden k\u00e4yt\u00f6n est\u00e4misen. Ev\u00e4steiden k\u00e4yt\u00f6n est\u00e4minen saattaa vaikuttaa Palvelun toimivuuteen, jolloin emme voi taata Palvelun virheet\u00f6nt\u00e4 toimintaa ilman ev\u00e4steiden k\u00e4yt\u00f6n hyv\u00e4ksymist\u00e4.<\/p>\n<p><strong>K\u00e4vij\u00e4n oikeudet<\/strong><\/p>\n<p><em>Suostumuksen peruuttaminen<\/em><\/p>\n<p>Mik\u00e4li k\u00e4sittelemme tietojasi suostumuksesi perusteella, voit milloin tahansa peruuttaa suostumuksen ilmoittamalla siit\u00e4 meille, esimerkiksi l\u00e4hett\u00e4m\u00e4ll\u00e4 s\u00e4hk\u00f6postia Rekisterin yll\u00e4pit\u00e4j\u00e4lle.<\/p>\n<p><em>P\u00e4\u00e4sy tietoihin<\/em><\/p>\n<p>Sinulla on oikeus saada meilt\u00e4 vahvistus siit\u00e4, k\u00e4sittelemmek\u00f6 sinua koskevia henkil\u00f6tietoja sek\u00e4 saada tiet\u00e4\u00e4 mit\u00e4 sinua koskevia henkil\u00f6tietoja k\u00e4sittelemme. Lis\u00e4ksi sinulla on oikeus saada t\u00e4ydent\u00e4vi\u00e4 tietoja henkil\u00f6tietojesi k\u00e4sittelyn perusteista.<\/p>\n<p><em>Oikeus saada virheet korjatuksi<\/em><\/p>\n<p>Sinulla on oikeus pyyt\u00e4\u00e4, ett\u00e4 korjaamme sinua koskevat virheelliset tai vanhentuneet taikka muuten puutteelliset henkil\u00f6tiedot.<\/p>\n<p><em>Oikeus kielt\u00e4\u00e4 suoramarkkinointi<\/em><\/p>\n<p>Voit kielt\u00e4\u00e4 henkil\u00f6tietojesi k\u00e4sittelyn suoramarkkinointitarkoituksia varten l\u00e4hett\u00e4m\u00e4ll\u00e4 s\u00e4hk\u00f6postia Rekisterin yll\u00e4pit\u00e4j\u00e4lle.<\/p>\n<p><em>Oikeus vastustaa k\u00e4sittely\u00e4<\/em><\/p>\n<p>Mik\u00e4li k\u00e4sittelemme henkil\u00f6tietojasi yleisen edun taikka oikeutetun etumme perusteella, sinulla on oikeus vastustaa sinua koskevien henkil\u00f6tietojen k\u00e4sittely\u00e4 silt\u00e4 osin, kuin k\u00e4sittelylle ei ole olemassa sellaista huomattavaa syyt\u00e4, joka syrj\u00e4ytt\u00e4isi sinun oikeutesi taikka k\u00e4sittely ei ole tarpeen oikeudellisen vaateen hoitamiseksi. Huomaathan, ett\u00e4 t\u00e4ss\u00e4 tilanteessa emme todenn\u00e4k\u00f6isesti pysty palvelemaan en\u00e4\u00e4 sinua.<\/p>\n<p><em>Oikeus rajoittaa k\u00e4sittely\u00e4<\/em><\/p>\n<p>Sinulla on tietyiss\u00e4 tilanteissa oikeus vaatia, ett\u00e4 rajoitamme henkil\u00f6tietojesi k\u00e4sittely\u00e4.<\/p>\n<p><em>Oikeus saada tiedot siirretyksi<\/em><\/p>\n<p>Mik\u00e4li olemme k\u00e4sitelleet tietojasi suostumuksesi perusteella tai sopimuksen t\u00e4ytt\u00e4miseksi, sinulla on oikeus saada meille s\u00e4hk\u00f6isesti toimittamasi tiedot yleisesti k\u00e4ytetyss\u00e4 muodossa, jotta tiedot voitaisiin siirt\u00e4\u00e4 toiselle palveluntarjoajalle.<\/p>\n<p><strong>Miten voin toteuttaa oikeuteni?<\/strong><\/p>\n<p>Voit toteuttaa edell\u00e4 kuvatut oikeutesi ottamalla meihin yhteytt\u00e4 esimerkiksi l\u00e4hett\u00e4m\u00e4ll\u00e4 s\u00e4hk\u00f6postia Rekisterin yll\u00e4pit\u00e4j\u00e4lle. Pyyd\u00e4mme sinua samalla mainitsemaan nimesi, osoitteesi ja puhelinnumerosi sek\u00e4 liitt\u00e4m\u00e4\u00e4n viestiisi passi-, ajokortti- tai muun henkil\u00f6todistuskopion, jotta voimme varmistaa henkil\u00f6llisyytesi. Mik\u00e4li katsot, ett\u00e4 henkil\u00f6tietojesi k\u00e4sittely ei ole lainmukaista, voit my\u00f6s tehd\u00e4 valituksen toimivaltaiselle valvontaviranomaiselle.<\/p>\n<p><strong>Tiedot rekisterist\u00e4<\/strong><\/p>\n<p>Rekisterin nimi: Tecdoma Oy:n verkkopalvelun asiakasrekisteri<br \/>\nRekisterinpit\u00e4j\u00e4: Tecdoma Oy<br \/>\nLis\u00e4tietoja rekisteriasioissa: info@tecdoma.fi<\/p>\n<p><strong>Muutokset tietosuojaselosteeseen<\/strong><\/p>\n<p>P\u00e4ivit\u00e4mme tietosuojaselosteemme muutokset verkkopalveluumme.<\/p>\n<p>Tietosuojaseloste p\u00e4ivitetty 17.11.2020<\/p>\n<\/div><\/div><\/div><\/div><\/div>\n","protected":false},"excerpt":{"rendered":"","protected":false},"author":1,"featured_media":0,"parent":0,"menu_order":0,"comment_status":"closed","ping_status":"closed","template":"","meta":{"footnotes":""},"class_list":["post-124","page","type-page","status-publish","hentry"],"_links":{"self":[{"href":"https:\/\/tecdoma.fi\/index.php?rest_route=\/wp\/v2\/pages\/124","targetHints":{"allow":["GET"]}}],"collection":[{"href":"https:\/\/tecdoma.fi\/index.php?rest_route=\/wp\/v2\/pages"}],"about":[{"href":"https:\/\/tecdoma.fi\/index.php?rest_route=\/wp\/v2\/types\/page"}],"author":[{"embeddable":true,"href":"https:\/\/tecdoma.fi\/index.php?rest_route=\/wp\/v2\/users\/1"}],"replies":[{"embeddable":true,"href":"https:\/\/tecdoma.fi\/index.php?rest_route=%2Fwp%2Fv2%2Fcomments&post=124"}],"version-history":[{"count":3,"href":"https:\/\/tecdoma.fi\/index.php?rest_route=\/wp\/v2\/pages\/124\/revisions"}],"predecessor-version":[{"id":127,"href":"https:\/\/tecdoma.fi\/index.php?rest_route=\/wp\/v2\/pages\/124\/revisions\/127"}],"wp:attachment":[{"href":"https:\/\/tecdoma.fi\/index.php?rest_route=%2Fwp%2Fv2%2Fmedia&parent=124"}],"curies":[{"name":"wp","href":"https:\/\/api.w.org\/{rel}","templated":true}]}}